tor of 51375156?
True
Does 789 divide 28243334?
False
Does 4 divide 857519691?
False
Is 3383850085 a multiple of 10?
False
Does 28 divide 11983160?
True
Is 9499639 a multiple of 2?
False
Is 68 a factor of 46740133?
False
Is 353783976 a multiple of 3864?
True
Does 4217 divide 609668558?
True
Is 59 a factor of 1492602605?
False
Is 119213538 a multiple of 3?
True
Is 589150212 a multiple of 5271?
True
Is 409855464 a multiple of 18?
True
Is 453 a factor of 59409774?
False
Is 311937156 a multiple of 10?
False
Is 1566971175 a multiple of 4353?
True
Is 12448715 a multiple of 5?
True
Is 6884016 a multiple of 346?
True
Is 39232890 a multiple of 46?
False
Is 26831579 a multiple of 186?
False
Is 98 a factor of 24480302?
True
Does 61 divide 632583525?
False
Is 46814 a multiple of 4?
False
Is 3455519 a multiple of 5?
False
Is 1231670514 a multiple of 761?
False
Does 1129 divide 53671043?
False
Does 423 divide 147178197?
True
Is 24 a factor of 1357493883?
False
Is 13 a factor of 264152551?
True
Is 4171 a factor of 2352101978?
True
Is 1203 a factor of 358862118?
True
Does 5 divide 16192400?
True
Does 3 divide 31593444?
True
Is 358899518 a multiple of 26?
False
Is 66 a factor of 9401555?
False
Does 11 divide 18454663?
False
Is 196139982 a multiple of 41?
True
Is 19 a factor of 606614633?
False
Does 114 divide 67424936?
False
Is 2825000332 a multiple of 11?
True
Is 7979053881 a multiple of 16?
False
Is 296 a factor of 43827536?
True
Is 4 a factor of 250181028?
True
Is 290619612 a multiple of 1692?
True
Does 274 divide 81842976?
False
Does 321 divide 399935123?
False
Is 42 a factor of 1171551377?
False
Is 8 a factor of 4631496?
True
Is 154335260 a multiple of 15?
False
Is 227 a factor of 53749287?
True
Is 452704980 a multiple of 70?
True
Is 160 a factor of 584967520?
True
Is 212 a factor of 130617496?
False
Is 493541611 a multiple of 5234?
False
Is 8221 a factor of 575922155?
True
Does 1856 divide 133080768?
True
Does 77 divide 31464479?
False
Is 4450 a factor of 3377550?
True
Does 87 divide 5702736?
False
Is 30 a factor of 292031593?
False
Is 2662591020 a multiple of 20?
True
Is 3805100 a multiple of 479?
False
Does 32 divide 131791872?
True
Does 25 divide 429178990?
False
Does 21 divide 23612988?
True
Is 3243 a factor of 1589353473?
False
Is 65912948 a multiple of 12?
False
Is 11232669 a multiple of 640?
False
Is 413664104 a multiple of 118?
True
Is 8257322 a multiple of 1679?
True
Is 360538047 a multiple of 33?
False
Is 2358 a factor of 296861626?
False
Is 4 a factor of 329815613?
False
Is 93 a factor of 27941385?
True
Is 1162 a factor of 103309221?
False
Is 50 a factor of 2743854030?
False
Is 37 a factor of 23885850?
False
Is 4215 a factor of 439369122?
False
Is 1321177675 a multiple of 97?
False
Is 905063540 a multiple of 332?
True
Does 78 divide 816274368?
True
Does 17 divide 45556481?
True
Is 12 a factor of 515469000?
True
Is 77733098 a multiple of 28?
False
Does 35 divide 188365520?
True
Is 74343489 a multiple of 63?
False
Is 19952796 a multiple of 3?
True
Is 136282281 a multiple of 29?
True
Does 2 divide 5329935?
False
Does 748 divide 21390?
False
Does 1061 divide 15485295?
True
Is 68634368 a multiple of 352?
True
Is 128940672 a multiple of 96?
True
Is 35 a factor of 107216657?
False
Is 2875 a factor of 1741933750?
True
Is 196583375 a multiple of 25?
True
Does 35 divide 19765655?
True
Does 5651 divide 163997671?
True
Does 1644 divide 394298829?
False
Does 2331 divide 2411149104?
True
Is 1901475 a multiple of 75?
True
Is 23574360 a multiple of 8?
True
Does 50 divide 4310562?
False
Does 305 divide 334943985?
True
Is 74167310 a multiple of 4970?
True
Is 167 a factor of 19976405?
False
Does 2293 divide 47296752?
False
Does 1167 divide 225149818?
False
Is 1621807542 a multiple of 625?
False
Is 50811361 a multiple of 430?
False
Is 55 a factor of 5149304?
False
Is 26 a factor of 80851914?
True
Does 5 divide 964543197?
False
Does 15 divide 6203578425?
True
Is 1938776176 a multiple of 2175?
False
Is 2 a factor of 220273813?
False
Is 7062652 a multiple of 58?
False
Does 6 divide 14333472?
True
Is 41171375 a multiple of 7?
True
Is 81 a factor of 27227249?
False
Is 7380900 a multiple of 6?
True
Is 176 a factor of 541393602?
False
Does 82 divide 39482821?
False
Is 36 a factor of 24680088?
True
Is 622 a factor of 27103028?
True
Does 730 divide 12961755?
False
Is 38564780 a multiple of 98?
False
Is 1514 a factor of 26169490?
True
Is 1157177 a multiple of 15?
False
Is 407852036 a multiple of 353?
False
Is 149844992 a multiple of 106?
True
Does 134 divide 12433643?
False
Is 22 a factor of 67350558?
True
Is 3030146040 a multiple of 120?
True
Is 58062019 a multiple of 46?
False
Is 1266631855 a multiple of 1179?
False
Is 129680283 a multiple of 132?
False
Is 117478920 a multiple of 13?
True
Is 23 a factor of 793951?
False
Is 7922 a factor of 87070702?
True
Is 92033162 a multiple of 182?
False
Is 27509895 a multiple of 301?
True
Is 81324044 a multiple of 144?
False
Does 1692 divide 37868652?
True
Is 13916955 a multiple of 39?
True
Is 495674964 a multiple of 2145?
False
Is 12 a factor of 3669843192?
True
Does 119 divide 71460571?
True
Is 18 a factor of 20881386?
True
Is 43568350 a multiple of 1225?
True
Does 164 divide 171182380?
True
Is 361879520 a multiple of 16?
True
Is 316 a factor of 67107942?
False
Is 17 a factor of 16012307?
False
Is 471406618 a multiple of 2391?
False
Is 100 a factor of 2882913000?
True
Does 17 divide 209623988?
False
Does 3 divide 65671051?
False
Is 38413348 a multiple of 7?
False
Is 7285690 a multiple of 547?
False
Is 136 a factor of 88856960?
True
Is 20 a factor of 14140160?
True
Does 2026 divide 21631602?
True
Is 136 a factor of 19997032?
True
Is 11557776 a multiple of 1104?
True
Does 138 divide 1451910?
False
Does 76 divide 209669104?
True
Is 76 a factor of 3140603100?
True
Is 23 a factor of 131667249?
True
Is 10 a factor of 19052700?
True
Is 1563430869 a multiple of 3861?
True
Is 4106 a factor of 641319605?
False
Is 11512171 a multiple of 1457?
False
Does 248 divide 526073472?
True
Does 2573 divide 731910434?
True
Is 15189694 a multiple of 151?
True
Is 67066906 a multiple of 920?
False
Is 8385 a factor of 70041057?
False
Is 12371380 a multiple of 898?
False
Does 1330 divide 22522220?
True
Is 63 a factor of 225631284?
False
Is 78 a factor of 449763300?
False
Is 11025993 a multiple of 253?
True
Does 2252 divide 52227815?
False
Does 996 divide 63299784?
True
Is 11716703 a multiple of 39?
False
Is 998 a factor of 13039868?
True
Is 101547898 a multiple of 23?
True
Does 12 divide 10984212?
True
Does 56 divide 114628192?
True
Is 21295098 a multiple of 3?
True
Does 96 divide 30419516?
False
Does 30 divide 345864563?
False
Is 180 a factor of 4930812000?
True
Is 130 a factor of 9062820?
True
Is 1117617 a multiple of 11?
False
Is 1968 a factor of 75264192?
True
Is 1448 a factor of 2094045082?
False
Is 18574062 a multiple of 394?
False
Is 27796374 a multiple of 7?
False
Is 10 a factor of 165420919?
False
Is 10 a factor of 144907930?
True
Is 139 a factor of 2837824?
True
Is 282770268 a multiple of 2497?
True
Is 18 a factor of 122991560?
False
Is 535517610 a multiple of 15?
True
Is 359422684 a multiple of 616?
False
Is 1929 a factor of 644845410?
True
Is 1271470 a multiple of 2?
True
Is 47094364 a multiple of 2416?
False
Is 62777018 a multiple of 25?
False
Is 93 a factor of 43707675?
True
Does 160 divide 238037120?
True
Is 103349580 a multiple of 230?
True
Is 1271 a factor of 51033192?
True
Is 5345829 a multiple of 959?
False
Is 3678810 a multiple of 3?
True
Is 80 a factor of 949750?
False
Does 73 divide 378588439?
True
Is 3276 a factor of 2404905534?
False
Is 2345149 a multiple of 83?
False
Is 10 a factor of 113471229?
False
Is 1097156720 a multiple of 37?
False
Is 320 a factor of 31354240?
True
Does 9 divide 13393296?
True
Does 1878 divide 24153022?
False
Does 18 divide 660442626?
True
Is 54161670 a multiple of 15?
True
Does 193 divide 26066194?
True
Does 10080 divide 4471740014?
False
Is 621 a factor of 40303575?
False
Does 316 divide 39273009?
False
Is 25 a factor of 1254814644?
False
Is 180 a factor of 85557511?
False
Is 27 a factor of 207302923?
False
Does 7 divide 26781979?
True
Is 444794584 a multiple of 13?
True
Does 7 divide 2865464?
True
Is 1